e the prime factors of r?
2, 19
Suppose 4*x - 452 = -64. Let v = -30 + x. What are the prime factors of v?
67
Let o = 10 - 10. Let c be (20 - o)*(-2)/(-4). List the prime factors of (0 - 3) + -3 + c.
2
Suppose 3*o = 4*u - 27 - 55, -2*o = -2*u + 56. Suppose -6 = 4*h - h, 0 = 4*q + 3*h + 106. What are the prime factors of (0 + 55)*o/q?
2, 3, 11
Let z(l) = 151*l - 207. List the prime factors of z(11).
2, 727
Let w(c) = -c**3 + 7*c**2 - 5. Let v be w(6). Let n = -4 + -1. Let d = v - n. List the prime factors of d.
2, 3
Suppose 729 = -4*c - 3*j, -2*j + 3*j = -4*c - 731. Let u = c + 313. List the prime factors of u.
2, 5, 13
Let b = 211 - -32. List the prime factors of b.
3
Suppose -2 = 2*t - 8. Suppose 3*i = -5*c + 74, -3*i - 44 = -t*c - 14. Let f = -7 + c. List the prime factors of f.
2, 3
List the prime factors of 1 - (-5197 + (8 - 15)).
3, 5, 347
Let j = 393 + -42. Suppose 2*k = -k + j. List the prime factors of k.
3, 13
Suppose 3*p - f - 6 = 0, p + f = 2*p - 4. Let b(k) be the first derivative of 2*k**3 + k**2/2 - 2*k - 8. List the prime factors of b(p).
5
Suppose 2183 = 3*b - v, 3*v - 18 = -6. List the prime factors of b.
3
Suppose -9*x + 7*x - 24 = 0. What are the prime factors of 1137/9 - x/18?
127
Let d(j) = j**2 - 4*j + 6. Let n be d(4). Suppose -n*p - 300 = -9*p. What are the prime factors of p?
2, 5
Suppose -2*x + 4*u + 708 = -132, 5*x - u = 2127. List the prime factors of x.
2, 3, 71
Let i(j) = -15*j**2 + j + 5. Let w be i(-2). What are the prime factors of (-3 - w/(-15))/((-4)/40)?
2, 17
Let s = 4416 + -2600. List the prime factors of (-2)/(-6) + s/24.
2, 19
Let i = 651 - 367. List the prime factors of i.
2, 71
Let x = -18 + 23. Suppose -x*d - 273 + 73 = 0. List the prime factors of 1 - d - (-7 - -3).
3, 5
Suppose 0 = 2*g - 2*n - 120, -5*g + 0*n + 301 = -4*n. Suppose 4 - g = -3*i. Suppose -i - 14 = -3*y. List the prime factors of y.
11
Let c(d) = -67*d - 1. Let g be c(-1). Let m = -2 + g. Suppose 3*q + 4*l - 50 = 0, 4*q = -0*q - 4*l + m. List the prime factors of q.
2, 7
Let b(i) = 5*i**2 - 12*i - 4. Let f be 17/(-3) + 6/(-18). List the prime factors of b(f).
2, 31
Suppose -12*j - 7*j + 7866 = 0. What are the prime factors of j?
2, 3, 23
Suppose -2*y = y - 6. Let i(a) = a**2 + 22*a + 72. Let s be i(-20). Suppose 0 = -2*z - y*z - 2*j + s, j = 2. What are the prime factors of z?
7
Let t be 22/8 + (-69)/92. Suppose -y - t*k = 3*k - 88, -2*k = -4*y + 462. List the prime factors of y.
113
Let l be -5*(-6)/195 - 4/26. Suppose 477 = 2*f + n, l = -n - 2 + 1. List the prime factors of f.
239
Suppose -6*n + 227 = -1069. List the prime factors of n.
2, 3
Let d be 161/(-14)*(4 + -2). Let k = d + 11. Let b = k - -75. What are the prime factors of b?
3, 7
Let z = -1993 - -5715. What are the prime factors of z?
2, 1861
Let x(u) = 11*u + 11 + 52 - 16. What are the prime factors of x(14)?
3, 67
Suppose 5*j - 385 = 30. Suppose -j = -5*v - 2*b + 123, 2*b = -3*v + 126. List the prime factors of v.
2, 5
Let j be -12*(-28)/6 + 3*1. Let b = j - -99. What are the prime factors of b?
2, 79
What are the prime factors of 4282/3 + 1*(-2)/6?
1427
Let w(g) = -g**3 + g**2 + g + 1. Let f(d) = -4*d**3 - d**2 + 5*d + 2. Let x(q) = f(q) - 3*w(q). Let o be x(-4). Let m = o + 25. What are the prime factors of m?
2
Let i be 1/(-2)*(1 + 15). Let b = -6 - i. Suppose 4*g - z = 97 - 33, 37 = 3*g + b*z. What are the prime factors of g?
3, 5
Suppose 64*i - 132660 = -2*i. List the prime factors of i.
2, 3, 5, 67
Let p = 1512 - 165. List the prime factors of p/19 + (-12)/(-114).
71
Suppose -3*i + 31 = 4. Suppose -k + 19 = 5*l - i, -4*l = 3*k - 95. What are the prime factors of k?
3, 11
Suppose 3*k = 4*u + 7*k - 16, -4*k = 16. Let z be 28/2*(-4)/u. Let y(l) = -l**3 - 6*l**2 + 7*l + 6. List the prime factors of y(z).
2, 3
Let v = -10 + 2. Let r(k) = -k**2 - 9*k - 9. Let u be r(v). List the prime factors of u/(((-4)/(-8))/(-1)).
2
What are the prime factors of (1 + -230)*(-16 - -9)?
7, 229
Let h be 2 + 1 + -1 + 76. Suppose -2*o = -66 - h. List the prime factors of 2288/o + (-4)/(-18).
2
Let m(s) = -3*s**2 - 1. Let c(l) = 16*l**2 - l + 4. Let y(k) = 2*c(k) + 11*m(k). Let w be y(-7). Let x = -20 - w. What are the prime factors of x?
2, 3
Suppose 2*u - 25 - 3 = -5*o, -2*u = -2*o. Suppose -5*i = -r - 38 - 92, 0 = o*r. Let f = i + -10. What are the prime factors of f?
2
Let x(i) = -4*i - 5. Let r be x(-2). Suppose 0 = r*a - 68 - 76. List the prime factors of a.
2, 3
Let h = -3144 - -6790. What are the prime factors of h?
2, 1823
Let j(n) be the second derivative of n**4/6 + 4*n**3/3 + 3*n**2/2 + n. Let k(z) be the first derivative of j(z). List the prime factors of k(8).
2, 5
Suppose 6*i - 5*i + 4*m = 80, 2*i - m - 115 = 0. Let q = i + -47. What are the prime factors of q?
13
Let v(p) = p**3 - 9*p**2 - 10*p. Let k be v(10). Suppose -2*x - 70 = 5*h, k = -h - 7*x + 3*x - 32. Let y = h + 15. List the prime factors of y.
3
Suppose 0 = -5*g - 2*x - 265, 3*x - 5 = 2*x. Let i = g - -226. What are the prime factors of i?
3, 19
What are the prime factors of -1 - -725 - (5 + 5 + -16)?
2, 5, 73
Let p(v) = 9*v**2 - 11*v + 108. What are the prime factors of p(14)?
2, 859
Suppose -2*v - 2*g + 0*g = 298, 5*v + 752 = 2*g. What are the prime factors of (-3 - -2)/(-3 + v/(-51))?
17
Let h be (-2)/(-8) + (-22)/(-8). Let j be -470*6/36*-3. Suppose -5*a + 5*n = -j, -2*a - h*a - 4*n = -217. List the prime factors of a.
3, 5
Suppose 0 = -2*x - 0*w + w + 341, 5*x - 4*w - 848 = 0. List the prime factors of x.
2, 43
List the prime factors of 3969/(-126)*(28/3)/(-2).
3, 7
List the prime factors of (-4319)/(-14) - 1/(-2).
3, 103
Suppose 6*l - 32715 = -9*l. What are the prime factors of l?
3, 727
Let z(y) = 23*y**2 - 3*y - 3. Let q(s) = -23*s**2 + s + 4. Let o(u) = 2*q(u) + 3*z(u). List the prime factors of o(-2).
3, 5, 7
Let z = -379 - -453. List the prime factors of z.
2, 37
List the prime factors of 2420 + (1 - (-5 + 5)/7).
3, 269
Let u = -4 + 8. Suppose 5*k = -4*r + r + u, -5*k + 5*r = -20. Suppose f - k*f + 54 = 5*o, 10 = 2*o. What are the prime factors of f?
29
Suppose -3*o + 4*b = -10, 0*o + 4 = o - 2*b. Let z(g) = -g**3 + 3*g**2 - g - 1. Let j be z(o). What are the prime factors of -15*j/(-2)*2?
3, 5
Suppose -21*u - 24 = -24*u. Suppose 0 = -2*c + 2*o + u, -2 + 18 = 3*c - 2*o. Suppose -4*q = -28 + c. List the prime factors of q.
5
Suppose 0 = 3*m - 6*m - 6. What are the prime factors of -208*m*2/8?
2, 13
Let f(n) = n**2 - 2*n - 4. Let u(o) = -5*o**2 - o**3 - 3*o**2 + o - 2 - 1 + 2*o**3. Let h be u(8). What are the prime factors of f(h)?
11
What are the prime factors of (93 - 0)/((-6)/(-22))?
11, 31
Let j = 1928 - 1431. What are the prime factors of j?
7, 71
Suppose a + 110 = 3*f, f + 3*a = -0*a + 50. Let u be 4*-1*f/8. Let z = -2 - u. What are the prime factors of z?
17
Let k be 2/8 + 17/(-4). Suppose 95 = 4*a + 3*p, 0 = -p + 5 - 0. List the prime factors of 4 - 45/(a/k).
13
List the prime factors of ((-2)/3)/(3*6/(-87102)).
2, 1613
Let a(w) be the third derivative of -w**6/120 - w**5/4 - 5*w**4/12 + 8*w**3/3 - 23*w**2. List the prime factors of a(-15).
2, 83
Suppose 0 = -9*u + 820 + 701. What are the prime factors of u?
13
Suppose -11 = o - 3. Let j = o + 8. What are the prime factors of j/4 + 15/1?
3, 5
Let g be -1*(-2)/(-2)*-5. Suppose 0 = -g*q + 15 + 5. What are the prime factors of (q - 0)*138/24?
23
Let c = 130 - -153. Let i = -192 + c. List the prime factors of i.
7, 13
Let h(t) = t**3 - 13*t**2 - 16*t + 1. Let n be h(14). Let c = n - -19. What are the prime factors of 84/(-8)*c/6?
2, 7
Suppose -5*k = -4*i + 222, -2*k - 57 = -5*i + 4*i. Let h = -35 + i. List the prime factors of h.
2, 3
Let d(o) = -o**3 - 18. Let w be d(0). Let n = -7 - w. What are the prime factors of n?
11
Suppose 37*w - 100284 = -4380. List the prime factors of w.
2, 3
Suppose 14*j + 18981 = 41*j. What are the prime factors of j?
19, 37
Let s be 10/6*(0 - 3). Let l be (-22)/(-3) + 4/6. Let j = s + l. What are the prime factors of j?
3
Suppose 0*v - 2*v + 14 = 4*t, 4*v = 3*t - 38. Let q = t + -3. Suppose 4*r - q*r - 16 = 0. What are the prime factors of r?
2
What are the prime factors of (4*(-2)/12)/(4/(-3888))?
2, 3
Suppose 8666 = 3*t - 27*n + 26*n, 2*t + 4*n = 5796. What are the prime factors of t?
2, 5, 17
Suppose -57*q = 10519